 common factor of v and 243?
9
Let k be 6*3 + (-31 - -30). Suppose -10*l - 280 = -k*l. What is the greatest common divisor of l and 20?
20
Suppose 2*z - 4*i = 10410, 26085 = 3*z + 2*z + 5*i. What is the highest common factor of z and 13?
13
Suppose 2*k - 49 = 4*w + 29, 4*k - 4*w - 148 = 0. Suppose -385 = -4*m + k. What is the highest common factor of m and 42?
21
Suppose -176*b = -186*b + 190. Let v(u) = -11*u + 12*u + 48*u**2 + 8*u**2. Let g be v(1). What is the highest common factor of g and b?
19
Let b(x) = x**2 + 1. Let q(o) = -52*o**2 + 2*o - 5. Let w(z) = -6*b(z) - 2*q(z). Let d be w(1). What is the greatest common factor of d and 28?
14
Suppose 3*a + d - 2*d + 960 = 0, 0 = -a + 5*d - 306. Let h = a - -413. What is the highest common divisor of 506 and h?
46
Let d be (-1018)/(-16) - 1 - 1662/(-4432). Calculate the greatest common divisor of d and 427.
7
Suppose 4*i - 1556 = i + 4*o, -3*i = o - 1546. What is the greatest common factor of 48 and i?
12
Suppose 41325 = 2*t - 5*t + 18*t. Calculate the greatest common factor of 190 and t.
95
Suppose 0 = 10*d + 17*d - 1485. Suppose 49 - 18 = m + 4*n, 2*n + d = m. What is the highest common factor of 376 and m?
47
Suppose -37*l + 968 = 7*l. Calculate the greatest common divisor of 1331 and l.
11
Let a = 1735 - -1187. Calculate the greatest common factor of a and 6.
6
Let d = 30656 + -16306. What is the greatest common divisor of d and 150?
50
Suppose 4*p - 5*n = 336 - 130, -2*p = -n - 100. Let x = -1557 + 1558. Suppose -50*z = -p*z - x. Calculate the highest common divisor of z and 1.
1
Let o be ((-3456)/(-240))/((-6)/(-340)). Suppose 11*z - 3126 = -o. What is the highest common divisor of 7 and z?
7
Suppose -o - 938 = -t, -3*t + 5*o = -3058 + 258. What is the greatest common divisor of 1295 and t?
35
Suppose 4*j - 2*o = 7070, -4*j + 797*o = 798*o - 7067. Calculate the highest common divisor of 19 and j.
19
Let i be 54 - 1 - (0 + -1). Let x = 132392 - 132380. Calculate the highest common divisor of x and i.
6
Let z = -5557 - -5545. Let o(q) = -27*q + 2*q**2 + 14 - q**3 + q**2 - 17*q**2. Let x be o(z). Calculate the greatest common factor of 75 and x.
25
Let s be (2/3)/((-38)/114). Let d be 199/4 - (-4)/(s - -18). Calculate the greatest common divisor of 275 and d.
25
Suppose -20*a - 1599 - 1021 = 0. Let w = 478 - a. What is the highest common divisor of w and 261?
87
Let j = -171 - -474. Suppose -299*g + j*g = 288. Calculate the greatest common factor of 648 and g.
72
Let l = -3482 - -4278. What is the greatest common divisor of 1791 and l?
199
Suppose 0 = a - 2*a + 12. Let m(c) = -18*c + 18. Let t be 1 - (-245)/(-40) - 2/(-16). Let g be m(t). What is the greatest common factor of a and g?
12
Let u be (-1 - 1546/8)/((-3)/12). Suppose s - 125 = 3*g, -5*s + u = -5*g + 142. Let r = s + -85. What is the greatest common factor of 301 and r?
43
Let o(j) = 2*j**2. Let m be o(3). Suppose 12*y - 18*y = -45*y. Suppose y = -2*f + 1 + 47. Calculate the highest common divisor of m and f.
6
Let h(m) = -5*m**3 - 8*m**2 + 5. Let r be h(-7). Let w = -48438 + 48521. Calculate the highest common factor of r and w.
83
Suppose 6*j - 759 - 7017 = 0. Calculate the greatest common factor of j and 270.
54
Suppose 0 = -2*x + 155 + 345. Let u = -220 + x. What is the highest common divisor of u and 18?
6
Let w(s) = s**2 - 16*s - 19. Let g be w(17). Let n = g + 114. What is the greatest common factor of 16 and n?
16
Let m = 165 + -165. Let o(r) = -22*r + 4. Let i be o(m). What is the greatest common factor of i and 12?
4
Suppose 3199 = 2*r - 1781. Suppose 628 = -7*w + r. Calculate the greatest common factor of w and 42.
14
Let j = 341 + -100. Let z = j + -136. What is the highest common divisor of z and 42?
21
Let a be ((810/25)/3)/(11/((-3300)/(-36))). Suppose 86 = 2*w + 14. Calculate the greatest common divisor of a and w.
18
Let p(x) = 72*x + 6221. Let s be p(-86). Calculate the greatest common divisor of s and 50489.
29
Let u be ((-689)/(-13) - -8) + -1. Calculate the greatest common divisor of u and 14400.
60
Let i = -259 - -419. Let r = 167 + -157. Calculate the highest common factor of i and r.
10
Let m(v) = -10*v**3 - 4*v**2 + 7*v - 5. Let i be m(-3). Let z = i - 196. Calculate the greatest common factor of 4 and z.
4
Suppose -40*j + 312 = -j. Let i(n) = -2*n - 2. Let p be i(7). Let h = p + 72. What is the greatest common factor of j and h?
8
Let c = 4 + 4. Suppose c = z - 28. Calculate the highest common divisor of 24 and z.
12
Suppose -7*a + t = -4906, -2*a + 271 + 1123 = t. Calculate the greatest common factor of 3325 and a.
175
Suppose -40*w + 256 = -38*w. Suppose 2*b = 2*c - w, -2*c - 2*c = -b - 256. Calculate the highest common divisor of 256 and c.
64
Let w = -6 - -49. Let f = -6130 + 6216. Calculate the highest common divisor of f and w.
43
Let t(n) = -n**3 - 38*n**2 - 3*n - 82. Let l be t(-38). Suppose 0 = -59*z + l*z + 594. What is the greatest common factor of 198 and z?
22
Suppose 5*z = -5*g + 20, -g + 15 = 4*g. Let b be (z - (-15)/(-9))*27/(-6). Suppose b*f + 4*f = 56. What is the greatest common factor of 16 and f?
8
Suppose 84 = c + c. Let j be 1*70/(-20)*(-301 + 1/2*14). Calculate the highest common factor of c and j.
21
Suppose 3*n + 228 = l, 31*l - 24*l - 1732 = 4*n. Let y = 224 - 44. Calculate the greatest common divisor of l and y.
36
Let w(p) = p**3 + 3*p**2 - 26*p - 8. Let d be w(5). Calculate the highest common factor of d and 5022.
62
Let u = -11190 - -11226. What is the greatest common divisor of u and 711?
9
Let m be -3 + (-24)/(-4) - -1. Suppose 5*v + 46 = m*a, 0 = 3*a - 0*a - v - 29. Let h = -216 - -288. Calculate the highest common factor of a and h.
9
Let m be ((-234)/20)/(6/(-10))*-18. Let r = m - -513. Calculate the greatest common factor of r and 18.
18
Suppose 2*h = 12*h - 2660. Suppose -7*q = h - 2233. Suppose 0 = -11*l + 71 + q. What is the highest common factor of 48 and l?
16
Let z be ((-36)/14)/((-6)/112). Suppose 3*v = -2*f + 386, 5*v + 411 = 8*v - 3*f. What is the highest common factor of z and v?
12
Let g(j) = 123*j - 1102. Let m be g(9). Calculate the highest common divisor of m and 2585.
5
Let y = 0 - -10. Let f(o) = -2*o + 2. Let x be f(1). Suppose x = p - 3, n + 4*p - 32 = -0*n. What is the greatest common factor of y and n?
10
Let y be 4 - (-3 - (-3 + -7)). Let m be 1011/9 - (-1)/y. What is the greatest common divisor of 28 and m?
28
Suppose -8*s = 23*s + 4*s - 1995. Calculate the greatest common factor of s and 25593.
57
Let m = -2807 - -2951. What is the highest common divisor of m and 558?
18
Let b = 10359 - -1585. Calculate the highest common factor of b and 16.
8
Let g = 20 - 20. Let l be (-4)/(-12) + 9/(-27). Suppose l = 2*q + 2 - g, 2*f - 2*q = 92. What is the greatest common factor of f and 315?
45
Let r(d) = 228*d**2 - 2*d + 365. Let s be r(0). Calculate the highest common factor of 1971 and s.
73
Suppose -4*p = 2*w - 1208, -50*w = -2*p - 46*w + 584. Suppose 115*h - 110*h - p = 0. What is the highest common divisor of 195 and h?
15
Let n be 79*66/12*2. Let h = 886 - n. Let d = 516 - 363. Calculate the greatest common divisor of h and d.
17
Suppose -5*w + 1030 = 5*u, w + 125 = 127. Calculate the greatest common divisor of 11118 and u.
102
Let t be -4*(-3)/(-6) + 5. Suppose -t*s = 2*s - 135. Suppose 0 = -5*c + 6*c - s. Calculate the highest common divisor of 27 and c.
27
Let g = 55986 + -33986. Calculate the highest common factor of g and 25.
25
Suppose 0*f - 4 = 2*f, -l + 5*f + 15 = 0. Suppose -41 - 209 = -l*y. Calculate the highest common divisor of y and 10.
10
Let b be ((-2)/2 - -184)*(-6)/(-18). Let q = b - 58. Suppose -q*v + 193 = -2*z - 126, -8 = 4*z. What is the greatest common divisor of v and 15?
15
Suppose -1382 - 202 = -22*n. What is the highest common divisor of n and 240?
24
Suppose -554 = -5*j + 3*j. Let n = j + -186. Let r(u) = 15*u + 997. Let p be r(-66). Calculate the highest common divisor of n and p.
7
Suppose -z - 1 = 5*l, 6*l - 4*z = 9*l + 4. Suppose l = 6*s + 4 - 136. What is the greatest common divisor of 33 and s?
11
Suppose 0 = u - 4 - 7. Let j = 18 + -18. Suppose 0 = -j*s - 2*s - 3*o + 29, -o - 5 = 0. Calculate the highest common divisor of s and u.
11
Let j be (-1 - -29) + (296 - 270). Suppose -v - 16 = -52. What is the greatest c